on factor of w and i?
31
Suppose -t - t + 40 = 5*n, -2*n + 5*t = 13. Suppose -6 = -2*j, 5*j + 0 - n = z. Let s be z/(-3) + 11 - 2. What is the greatest common divisor of s and 42?
6
Suppose 0 = 2*n - 2*z - 76, -2*z + 76 + 100 = 4*n. Calculate the highest common factor of 63 and n.
21
Let x(f) = 4*f + 7. Let v be x(5). Let i = v + 5. Let p = 41 - i. Calculate the greatest common factor of 54 and p.
9
Let w(l) = l**3 + 36*l**2 + 36*l + 104. Let k be w(-35). Calculate the highest common divisor of k and 115.
23
Let n(i) = -2*i + 106. Let z be n(17). What is the highest common divisor of 324 and z?
36
Let r(t) = -13*t**3 + t**2 - t - 1. Let q = 4 + -5. Let j be r(q). Suppose 0*m + j = 2*s - 4*m, -m = s - 22. Calculate the highest common divisor of 34 and s.
17
Let y(p) = p**3 + 6*p**2 + 8. Let k be y(-6). Let f be -5*1 - 25*(-9)/9. Calculate the greatest common factor of f and k.
4
Let r be 2*(-3)/1 + 2. Let q = r - -9. Suppose 3*h + 4*z + 0*z = 172, -2*z = q*h - 296. Calculate the highest common divisor of 12 and h.
12
Let g(w) = 8*w**2 + w + 1. Let t be g(2). Let q(s) = s**2 + 2*s - 3. Suppose -5*a + 5 = -5. Let o be q(a). What is the greatest common divisor of t and o?
5
Suppose 5*h - 2*i - 27 = 41, -5*i - 9 = -h. Let d(o) = 4*o - 38. Let s be d(h). What is the highest common divisor of 2 and s?
2
Suppose 5*h + 0 - 10 = 0. Suppose -2*n - h*n + 116 = 0. Let x = n - 19. What is the highest common factor of 30 and x?
10
Let t be 1/(3/15 - 0). Suppose 2*d + 27 - 237 = 0. Suppose -f = r - 21, 0 = t*r - 3*f + 2*f - d. Calculate the highest common factor of 21 and r.
21
Let j = 15 - 8. Suppose -j*u = -5*u. Suppose 101 = 4*z + 5*v, -5*z = -u*z - v - 90. What is the greatest common divisor of 171 and z?
19
Let x = -1 + 26. Suppose -2*r + 0*u + 4*u = -80, -5*u - x = -r. Let v be (-1046)/(-14) - (-10)/35. What is the highest common divisor of r and v?
25
Suppose 0 - 5 = 5*t. Let y be (0/4)/(t - 0). Suppose 0 = -r + 4*d + 116, y*r + 447 = 4*r + d. Calculate the highest common factor of 28 and r.
28
Let x(z) = -z**3 - 2*z**2 + 6*z + 3. Let l be x(-4). Let y be -242*((10 - 63/14) + -6). Calculate the highest common factor of l and y.
11
Let d be 3500/110 - 4/(-22). Suppose -3*z - 10 = -z, 0 = -5*r + 3*z + 215. Suppose -3*o + r = -d. Calculate the highest common divisor of 6 and o.
6
Let h(r) = -6*r + 157. Let k be h(25). What is the greatest common divisor of 427 and k?
7
Let q = 76 + -50. Let p = -11 + q. Let v be (-2)/(-7) + (-136)/(-14). Calculate the greatest common divisor of v and p.
5
Let x(o) = o**3 + 17*o**2 - 2*o + 23. Let g be x(-17). Suppose 0 = -5*u - 6*s + 4*s + 69, 0 = -4*u - s + g. Calculate the highest common divisor of u and 45.
15
Let y(i) = -11*i**2 + 10*i**2 - 13*i + 8 + 0. Let f be y(-8). Calculate the greatest common factor of f and 6.
6
Let a(p) = -p**3 + 2*p**2 + 2*p + 608. Let w be a(0). Calculate the highest common divisor of 8 and w.
8
Suppose 604 - 1488 = -17*o. What is the highest common divisor of o and 169?
13
Suppose -12*p = 3 - 27. Suppose 0 = v + 4*a - 19, 0 = v + p*a - 2 - 13. What is the highest common divisor of 55 and v?
11
Let a(z) = 6*z**2 - 23*z + 49. Let i be a(2). What is the greatest common divisor of i and 288?
9
Let c(o) = o + 571. Let a be c(-40). Calculate the greatest common divisor of a and 45.
9
Let l(r) = 43*r**3 + 4*r**2 - 2*r. Let z be l(1). Calculate the greatest common factor of z and 30.
15
Let u = 4176 + -2642. What is the greatest common divisor of u and 26?
26
Let p be 1/((-4)/24*-3). Suppose p*j + j - 18 = 0. Let x = j - 0. Calculate the highest common factor of x and 18.
6
Let f be (-1)/(-1) - 0 - -2. Suppose z = 5*i + 13 + 1, 0 = -2*i + z - 5. Let x be 0/(-3) - -26 - 3/i. What is the highest common divisor of x and f?
3
Suppose -1385 = -29*t + 529. What is the greatest common divisor of t and 352?
22
Let v(k) = -2*k + 54. Let q be v(25). Calculate the highest common divisor of q and 3.
1
Let d be 7/70*-1 - (-6513)/30. What is the greatest common divisor of 7 and d?
7
Let x be 14/(-4)*(-32)/(-4). Let n = -26 - x. Calculate the greatest common factor of 3 and n.
1
Let n(k) = -k**2 - 10*k + 15. Let x be n(-11). Suppose 71 = -x*f - 3*y + 3, -f = 3*y + 26. Let v be 4/14 - 346/f. What is the highest common factor of 25 and v?
25
Let b = -1365 - -1815. Calculate the greatest common factor of b and 60.
30
Let c = 104 - 179. Let z = -37 - c. Suppose 226 = 17*q - 743. Calculate the highest common divisor of q and z.
19
Let m(c) be the third derivative of c**5/60 + c**4/12 - 13*c**3/6 - 31*c**2. Let b be m(5). Calculate the highest common factor of 176 and b.
22
Let f(q) = -q + 35. Let r be f(-17). Calculate the highest common factor of r and 13.
13
Suppose -5*u + 10 = 0, 2*d = -5*u + 3 + 35. Calculate the highest common factor of d and 1512.
14
Suppose -23 - 47 = -5*l. Suppose 3*x + 82 = 166. What is the greatest common divisor of x and l?
14
Suppose 5*h = 274 - 164. What is the highest common factor of h and 6?
2
Suppose 10*t - 1198 = -78. Calculate the highest common divisor of 140 and t.
28
Let j = 31 + -20. Suppose -3 = -3*z + 3. Suppose -z*u + 104 = -94. What is the highest common divisor of u and j?
11
Let w be 1682/10 + (-104)/(-130). Calculate the highest common divisor of w and 52.
13
Let m be ((-9)/(-27))/(122/123 + -1). Let k = -21 - m. What is the greatest common factor of k and 5?
5
Suppose d = -4*b - 115, -5*d = -0*d - 25. Let y be 44/3 - 10/b. Let q = 212 - 137. What is the greatest common factor of q and y?
15
Let k be (-122)/(-14) - 2/(-7). Let c = -88 - -156. Let b = 31 + c. What is the highest common divisor of k and b?
9
Let t be (-1 - (-3)/1)*8. Let b be (-11 - -1)*(-88)/20. Suppose -3*h - 2*a = -t, 0 = 5*h - a - 0*a - b. Calculate the highest common factor of 20 and h.
4
Suppose -2*h + 38 = -2*i, 18*h - 20*h + 4*i = -36. What is the highest common divisor of 45 and h?
5
Suppose 3*w = 4*w - g - 51, -3*g + 287 = 5*w. What is the greatest common divisor of w and 22?
11
Let v = 18 - 12. Suppose 5*k = 30 + 45. Calculate the greatest common factor of k and v.
3
Let r be 18*(-18)/(-162) - (-515 + 1). What is the greatest common divisor of r and 86?
86
Suppose 5*f = 9*v - 4*v - 320, 0 = -4*v + f + 268. Calculate the greatest common factor of v and 884.
68
Let a(m) = -m**3 + 24*m**2 - 49*m + 179. Let x be a(22). Let y(b) = -b**2 + 20*b + 8. Let p be y(14). What is the greatest common divisor of x and p?
23
Let d(c) = c**3 + 7*c**2 + c - 18. Let n be d(-6). What is the greatest common factor of 4 and n?
4
Let k be 3*14/(-6)*-2. Let x be 4/k - (888/(-28) - 1). Calculate the highest common divisor of 11 and x.
11
Suppose -7 = 5*i + p - 122, -5*i + 95 = 5*p. Let a = -3 - -11. What is the highest common factor of i and a?
8
Suppose -4*d = d + 15. Let t(o) be the second derivative of o**4/3 + 5*o**3/6 + 3*o**2/2 + 78*o. Let p be t(d). What is the highest common factor of 12 and p?
12
Suppose 6*z = 3*z + 6, 38 = -2*j - z. Let q be (-6)/8 + (-135)/j. Let u be q*(-2 + (-33)/(-6)). Calculate the highest common divisor of 63 and u.
21
Let j be -8 + 3 + (39 - (2 - -4)). What is the greatest common factor of 84 and j?
28
Suppose -9 - 1 = -2*r. Suppose 5*l + 6 - 16 = -2*x, -48 = -r*x - l. Let v = 19 - x. What is the highest common factor of 18 and v?
9
Let y(x) = x**2 - x. Let k be y(2). Suppose k*n - i - 83 = -0*i, -4*i = -4. Suppose 3*d = d + 56. Calculate the highest common divisor of d and n.
14
Let k = 1714 - 1450. Calculate the greatest common factor of k and 704.
88
Suppose -21*y + 250 = -16*y. What is the highest common factor of 100 and y?
50
Let r(b) be the second derivative of b**4/12 + b**3/2 - 7*b**2 + 6*b. Let a be r(-6). Let f be (-102)/a*(-4)/6. What is the greatest common factor of 51 and f?
17
Let y be (8/6 + -1)/((-7)/(-84)). Suppose 114 = y*d - 54. What is the greatest common factor of d and 14?
14
Let h(k) be the first derivative of -19*k**2/2 + 2*k + 3. Let r be h(-1). Let g be -5*r*(-20)/15. What is the highest common factor of g and 35?
35
Suppose r + 3*m = 14, -28 = -2*r - 5*m - 4. Let w be 11/(r - 29/15). Calculate the greatest common divisor of 15 and w.
15
Let r be 12/(((-120)/(-54))/5). Calculate the greatest common factor of r and 99.
9
Let p = -315 + 384. Calculate the g